e the greatest common factor of 608 and 2714176.
32
Calculate the greatest common factor of 134382313 and 2743.
2743
Calculate the highest common factor of 26620225 and 66650.
1075
Calculate the greatest common divisor of 27945 and 12069.
81
What is the greatest common divisor of 1955896389 and 162?
81
Calculate the highest common divisor of 74819207 and 313.
313
Calculate the greatest common divisor of 7620 and 3031665.
15
Calculate the highest common divisor of 81 and 38510865.
9
Calculate the highest common divisor of 14372345 and 1417.
13
What is the greatest common factor of 4482 and 92645928?
1494
What is the greatest common divisor of 25341824 and 928?
928
What is the greatest common factor of 2755 and 3520985?
95
What is the greatest common factor of 70 and 981280?
10
What is the highest common divisor of 33106664 and 9169?
173
Calculate the greatest common factor of 3990318 and 6.
6
What is the greatest common factor of 27878 and 2512176?
526
Calculate the greatest common factor of 152 and 519498.
38
What is the greatest common divisor of 579574 and 42946?
394
Calculate the greatest common factor of 105799419 and 202.
101
Calculate the greatest common divisor of 12669 and 4756.
41
Calculate the greatest common factor of 179822 and 19082.
94
Calculate the greatest common factor of 474 and 1199691.
3
Calculate the greatest common divisor of 18700 and 705823.
17
Calculate the greatest common factor of 1300360373 and 2119.
2119
Calculate the greatest common divisor of 6981 and 22218196.
2327
Calculate the highest common divisor of 3618 and 710721.
27
What is the greatest common divisor of 2315362 and 560?
14
What is the greatest common factor of 26 and 127971766?
26
What is the greatest common factor of 18818891 and 1085?
217
Calculate the highest common factor of 36156 and 11458308.
1572
Calculate the greatest common factor of 17108 and 67444.
52
What is the greatest common factor of 1825209 and 447858?
1251
What is the highest common divisor of 805 and 13460244?
161
Calculate the highest common factor of 10971 and 226504.
23
Calculate the highest common divisor of 330 and 15773582.
22
Calculate the greatest common divisor of 123 and 7155765.
3
What is the greatest common divisor of 272077 and 194441?
13
What is the greatest common divisor of 58816 and 7744?
64
Calculate the greatest common factor of 11554 and 401740.
106
What is the greatest common divisor of 9798 and 1014306?
426
Calculate the greatest common divisor of 138872797 and 7.
7
Calculate the highest common divisor of 5402 and 280682.
74
What is the greatest common factor of 1176973 and 14?
7
What is the highest common divisor of 58817836 and 3234?
1078
Calculate the greatest common divisor of 120 and 1141095.
15
What is the greatest common divisor of 180 and 1424985?
15
Calculate the highest common divisor of 35746042 and 263842.
9098
Calculate the highest common divisor of 1472 and 29542304.
736
Calculate the greatest common divisor of 29875 and 959585.
1195
What is the greatest common factor of 1 and 5020643?
1
What is the highest common divisor of 56585592 and 1?
1
What is the highest common divisor of 8625 and 43815?
345
What is the highest common divisor of 6242997 and 7254?
93
Calculate the highest common factor of 280 and 4001100.
20
Calculate the greatest common factor of 5186620 and 1026.
38
Calculate the greatest common divisor of 89456757 and 38467.
3497
Calculate the highest common divisor of 17060304 and 528.
48
What is the highest common factor of 339276065 and 95?
95
Calculate the highest common divisor of 414225 and 130905.
45
What is the greatest common divisor of 2064966 and 21?
3
Calculate the highest common factor of 126 and 229206.
6
What is the highest common factor of 124184541 and 117?
39
Calculate the greatest common divisor of 25577775 and 16200.
2025
What is the greatest common divisor of 14 and 311776598?
14
What is the highest common factor of 2736418 and 3287?
19
What is the greatest common divisor of 139403 and 5194277?
6061
Calculate the greatest common divisor of 3656699200 and 12404.
12404
Calculate the greatest common factor of 220639260 and 24875.
995
What is the highest common factor of 898860 and 10?
10
What is the greatest common factor of 9 and 978141?
3
Calculate the greatest common divisor of 87527 and 3566123.
803
What is the greatest common divisor of 46508319 and 2574?
1287
What is the highest common factor of 248700612 and 12?
12
What is the greatest common factor of 324 and 12868956?
324
What is the greatest common factor of 1655332 and 450?
2
Calculate the highest common factor of 108329855 and 1165.
1165
Calculate the greatest common divisor of 15314 and 16792979.
589
Calculate the highest common divisor of 12 and 32207284.
4
Calculate the greatest common factor of 98775145 and 434.
217
What is the highest common factor of 6540381 and 10596?
2649
What is the greatest common factor of 916463580 and 80?
20
What is the greatest common factor of 92627680 and 640?
160
Calculate the greatest common divisor of 84235 and 18955.
85
Calculate the highest common factor of 52603245 and 261.
261
What is the greatest common divisor of 8823 and 109191?
51
What is the greatest common divisor of 250399 and 964?
241
Calculate the highest common factor of 805742148 and 2878.
2878
What is the highest common divisor of 2021 and 268511?
47
What is the highest common divisor of 50906130 and 76?
38
What is the greatest common divisor of 200637 and 4020171?
7431
What is the highest common factor of 86359261 and 655?
131
Calculate the greatest common divisor of 35610926 and 26.
26
Calculate the highest common divisor of 700 and 1842700.
100
What is the highest common factor of 909 and 222375033?
909
What is the highest common factor of 1146687 and 207?
3
What is the greatest common divisor of 9830454 and 153?
51
What is the highest common factor of 7575721 and 5949?
661
Calculate the greatest common divisor of 548609 and 6754.
307
What is the highest common divisor of 58 and 258327360?
58
Calculate the highest common factor of 977616262 and 658.
658
Calculate the highest common factor of 148955422 and 28.
14
Calculate the greatest common factor of 494 and 41561474.
38
Calculate the greatest common divisor of 521592887 and 93.
31
What is the greatest common divisor of 278136540 and 330?
330
What is the highest common factor of 39270928 and 48?
16
What is the highest common divisor of 89215 and 36570503?
2549
Calculate the highest common factor of 2633837933 and 37.
37
What is the highest common factor of 3069 and 1304883?
279
Calculate the greatest common factor of 176449 and 637.
637
What is the highest common divisor of 10705735 and 1775?
355
What is the greatest common factor of 3553 and 12435823?
323
Calculate the greatest common factor of 595608 and 166296.
312
What is the greatest common factor of 19151 and 13541?
11
Calculate the greatest common factor of 1267 and 3814801431.
1267
What is the greatest common divisor of 824472 and 1078?
22
What is the highest common divisor of 869 and 499136?
11
Calculate the highest common divisor of 748060 and 7740.
20
Calculate the greatest common factor of 434575260 and 7560.
3780
Calculate the highest common factor of 7764231460 and 17140.
17140
Calculate the greatest common factor of 13 and 6705907.
13
What is the greatest common factor of 1010 and 43249715?
505
What is the highest common divisor of 5118260 and 380?
20
What is the greatest common factor of 86830 and 2433982?
914
What is the highest common divisor of 2465369 and 40624?
2539
Calculate the greatest common divisor of 445041 and 489561.
159
Calculate the greatest common factor of 3027459 and 9.
3
What is the highest common divisor of 439234851 and 33?
33
Calculate the highest common divisor of 4056 and 1018109742.
1014
Calculate the greatest common factor of 775044 and 2196.
36
What is the greatest common factor of 73560970 and 111188?
5054
Calculate the greatest common factor of 1740 and 1775040.
60
What is the greatest common divisor of 4574285 and 20?
5
What is the greatest common factor of 8364 and 47894724?
492
What is the highest common divisor of 3157990 and 84645?
1045
Calculate the highest common divisor of 3179 and 1735156.
289
Cal